{"id":167,"date":"2024-06-24T21:43:17","date_gmt":"2024-06-24T19:43:17","guid":{"rendered":"http:\/\/s883853285.onlinehome.fr\/html\/camping-le-plo\/offerings\/"},"modified":"2024-12-02T20:38:05","modified_gmt":"2024-12-02T19:38:05","slug":"services","status":"publish","type":"page","link":"https:\/\/campingleplo.fr\/v\/services\/","title":{"rendered":"Services"},"content":{"rendered":"\n<div class=\"wp-block-uagb-container uagb-block-6803eae3 alignfull uagb-is-root-container\"><div class=\"uagb-container-inner-blocks-wrap\">\n<div class=\"wp-block-uagb-advanced-heading uagb-block-a2f9964e\"><h1 class=\"uagb-heading-text\">D\u00e9couvrez nos services<\/h1><\/div>\n<\/div><\/div>\n\n\n\n<div class=\"wp-block-uagb-container uagb-block-623363c6 alignfull uagb-is-root-container\"><div class=\"uagb-container-inner-blocks-wrap\">\n<div class=\"wp-block-uagb-info-box uagb-block-3801b6ed uagb-infobox__content-wrap  uagb-infobox-icon-above-title uagb-infobox-image-valign-top\"><div class=\"uagb-ifb-content\"><div class=\"uagb-ifb-title-wrap\"><h2 class=\"uagb-ifb-title\">Les services principaux<\/h2><\/div><p class=\"uagb-ifb-desc\">Explorez nos principaux services pour une exp\u00e9rience exceptionnelle<\/p><\/div><\/div>\n\n\n\n<div class=\"wp-block-uagb-container uagb-block-e91230d3\">\n<div class=\"wp-block-uagb-container uagb-block-b46395ef\">\n<div class=\"wp-block-uagb-image alignleft uagb-block-4ff9da3f wp-block-uagb-image--layout-default wp-block-uagb-image--effect-static wp-block-uagb-image--align-left\"><figure class=\"wp-block-uagb-image__figure\"><img loading=\"lazy\" decoding=\"async\" srcset=\"https:\/\/campingleplo.fr\/v\/wp-content\/uploads\/2024\/06\/AIA0317-1024x683.jpg ,https:\/\/campingleplo.fr\/v\/wp-content\/uploads\/2024\/06\/AIA0317.jpg 780w, https:\/\/campingleplo.fr\/v\/wp-content\/uploads\/2024\/06\/AIA0317.jpg 360w\" sizes=\"auto, (max-width: 480px) 150px\" src=\"https:\/\/campingleplo.fr\/v\/wp-content\/uploads\/2024\/06\/AIA0317-1024x683.jpg\" alt=\"\" class=\"uag-image-134\" width=\"560\" height=\"500\" title=\"AIA0317\" loading=\"lazy\" role=\"img\"\/><\/figure><\/div>\n<\/div>\n\n\n\n<div class=\"wp-block-uagb-container uagb-block-7621abb2\">\n<div class=\"wp-block-uagb-info-box uagb-block-f3d2d6b2 uagb-infobox__content-wrap  uagb-infobox-icon-above-title uagb-infobox-image-valign-top\"><div class=\"uagb-ifb-content\"><div class=\"uagb-ifb-title-wrap\"><h3 class=\"uagb-ifb-title\">Chalets Bois<\/h3><\/div><p class=\"uagb-ifb-desc\">Profitez de notre chalet en bois spacieux et confortable pour une immersion totale dans la nature pr\u00e9serv\u00e9e.<\/p><\/div><\/div>\n<\/div>\n<\/div>\n\n\n\n<div class=\"wp-block-uagb-container uagb-block-3893b8aa\">\n<div class=\"wp-block-uagb-container uagb-block-b02b419f\">\n<div class=\"wp-block-uagb-image alignright uagb-block-2622f629 wp-block-uagb-image--layout-default wp-block-uagb-image--effect-static wp-block-uagb-image--align-right\"><figure class=\"wp-block-uagb-image__figure\"><img loading=\"lazy\" decoding=\"async\" srcset=\"https:\/\/campingleplo.fr\/v\/wp-content\/uploads\/2024\/06\/DSCF53771-1500x630-1-1024x430.jpg ,https:\/\/campingleplo.fr\/v\/wp-content\/uploads\/2024\/06\/DSCF53771-1500x630-1.jpg 780w, https:\/\/campingleplo.fr\/v\/wp-content\/uploads\/2024\/06\/DSCF53771-1500x630-1.jpg 360w\" sizes=\"auto, (max-width: 480px) 150px\" src=\"https:\/\/campingleplo.fr\/v\/wp-content\/uploads\/2024\/06\/DSCF53771-1500x630-1-1024x430.jpg\" alt=\"\" class=\"uag-image-137\" width=\"560\" height=\"500\" title=\"DSCF53771-1500x630\" loading=\"lazy\" role=\"img\"\/><\/figure><\/div>\n<\/div>\n\n\n\n<div class=\"wp-block-uagb-container uagb-block-862a6668\">\n<div class=\"wp-block-uagb-info-box uagb-block-411c16f4 uagb-infobox__content-wrap  uagb-infobox-icon-above-title uagb-infobox-image-valign-top\"><div class=\"uagb-ifb-content\"><div class=\"uagb-ifb-title-wrap\"><h3 class=\"uagb-ifb-title\">Piscine Chauff\u00e9e<\/h3><\/div><p class=\"uagb-ifb-desc\">Nos mobile homes modernes offrent le confort n\u00e9cessaire pour des vacances relaxantes en famille ou entre amis.<\/p><\/div><\/div>\n<\/div>\n<\/div>\n\n\n\n<div class=\"wp-block-uagb-container uagb-block-64c2a67e\">\n<div class=\"wp-block-uagb-container uagb-block-3fbfeeed\">\n<div class=\"wp-block-uagb-image alignleft uagb-block-5517d747 wp-block-uagb-image--layout-default wp-block-uagb-image--effect-static wp-block-uagb-image--align-left\"><figure class=\"wp-block-uagb-image__figure\"><img loading=\"lazy\" decoding=\"async\" srcset=\"https:\/\/campingleplo.fr\/v\/wp-content\/uploads\/2024\/09\/tw2cu6vvtzo-758x1024.jpg ,https:\/\/campingleplo.fr\/v\/wp-content\/uploads\/2024\/09\/tw2cu6vvtzo.jpg 780w, https:\/\/campingleplo.fr\/v\/wp-content\/uploads\/2024\/09\/tw2cu6vvtzo.jpg 360w\" sizes=\"auto, (max-width: 480px) 150px\" src=\"https:\/\/campingleplo.fr\/v\/wp-content\/uploads\/2024\/09\/tw2cu6vvtzo-758x1024.jpg\" alt=\"a wooden cutting board topped with lots of food\" class=\"uag-image-1573\" width=\"560\" height=\"500\" title=\"Photo by Daniel L\" loading=\"lazy\" role=\"img\"\/><\/figure><\/div>\n<\/div>\n\n\n\n<div class=\"wp-block-uagb-container uagb-block-4906a1e2\">\n<div class=\"wp-block-uagb-info-box uagb-block-b2c48bb3 uagb-infobox__content-wrap  uagb-infobox-icon-above-title uagb-infobox-image-valign-top\"><div class=\"uagb-ifb-content\"><div class=\"uagb-ifb-title-wrap\"><h3 class=\"uagb-ifb-title\">Cuisine R\u00e9gionale<\/h3><\/div><p class=\"uagb-ifb-desc\">D\u00e9tendez-vous dans notre piscine chauff\u00e9e et couverte, ouverte m\u00eame hors saison pour des moments inoubliables de relaxation.<\/p><\/div><\/div>\n<\/div>\n<\/div>\n<\/div><\/div>\n\n\n\n<div class=\"wp-block-uagb-container uagb-block-407e9912 alignfull uagb-is-root-container\"><div class=\"uagb-container-inner-blocks-wrap\">\n<div class=\"wp-block-uagb-testimonial uagb-slick-carousel uagb-tm__arrow-outside uagb-block-63d6bdbb uagb-post__carousel_notset uagb-post__carousel_notset-tablet uagb-post__carousel_notset-mobile\"><div class=\"is-carousel uagb-tm__columns-1 uagb-tm__items\"><div class=\"uagb-testimonial__wrap  uagb-tm__imgicon-style-circle uagb-tm__image-position-top uagb-tm__bg-type-none \"><div class=\"uagb-tm__content\"><div class=\"uagb-tm__overlay\"><\/div><div class=\"uagb-tm__image-content\"><div class=\"uagb-tm__image\"><img loading=\"lazy\" decoding=\"async\" class=\"uagb-tm-img-src\" src=\"http:\/\/campingleplo.fr\/v\/wp-content\/uploads\/2023\/08\/testimonial-skip-02.jpeg\" alt=\"\" width=\"60\" height=\"60\" loading=\"lazy\"\/><\/div><\/div><div class=\"uagb-tm__text-wrap\"><div class=\"uagb-tm__desc\">Un lieu charmant o\u00f9 le confort et la nature se rejoignent pour une escapade magique. Hautement recommand\u00e9!<\/div><div class=\"uagb-tm__meta-inner\"><div class=\"uagb-testimonial-details\"><span class=\"uagb-tm__author-name\">Sophie Martin<\/span><span class=\"uagb-tm__company\"><\/span><\/div><\/div><\/div><\/div><\/div><\/div><\/div>\n<\/div><\/div>\n\n\n\n<div class=\"wp-block-uagb-container uagb-block-c6476a98 alignfull uagb-is-root-container\"><div class=\"uagb-container-inner-blocks-wrap\">\n<div class=\"wp-block-uagb-container uagb-block-499f3e2a\">\n<div class=\"wp-block-uagb-advanced-heading uagb-block-6fe09642\"><h2 class=\"uagb-heading-text\">Proposition de valeur unique<\/h2><\/div>\n\n\n\n<div class=\"wp-block-uagb-advanced-heading uagb-block-72279faa\"><p class=\"uagb-heading-text\">D\u00e9couvrez ce qui rend Camping Le Pl\u00f4 si sp\u00e9cial et m\u00e9morable pour des vacances uniques.<\/p><\/div>\n<\/div>\n\n\n\n<div class=\"wp-block-uagb-container uagb-block-8c7963ad\">\n<div class=\"wp-block-uagb-container uagb-block-918d0378\">\n<div class=\"wp-block-uagb-image uagb-block-0a080123 wp-block-uagb-image--layout-default wp-block-uagb-image--effect-static wp-block-uagb-image--align-none\"><figure class=\"wp-block-uagb-image__figure\"><img loading=\"lazy\" decoding=\"async\" srcset=\"https:\/\/campingleplo.fr\/v\/wp-content\/uploads\/2024\/06\/IMG_8182-1-1024x768.jpg ,https:\/\/campingleplo.fr\/v\/wp-content\/uploads\/2024\/06\/IMG_8182-1-scaled.jpg 780w, https:\/\/campingleplo.fr\/v\/wp-content\/uploads\/2024\/06\/IMG_8182-1-scaled.jpg 360w\" sizes=\"auto, (max-width: 480px) 150px\" src=\"https:\/\/campingleplo.fr\/v\/wp-content\/uploads\/2024\/06\/IMG_8182-1-1024x768.jpg\" alt=\"\" class=\"uag-image-144\" width=\"560\" height=\"450\" title=\"IMG_8182\" loading=\"lazy\" role=\"img\"\/><\/figure><\/div>\n\n\n\n<div class=\"wp-block-uagb-advanced-heading uagb-block-53687665\"><h3 class=\"uagb-heading-text\">Nature Pr\u00e9serv\u00e9e<\/h3><p class=\"uagb-desc-text\">Notre site offre un cadre naturel pr\u00e9serv\u00e9 o\u00f9 calme et tranquillit\u00e9 r\u00e8gnent en ma\u00eetres, id\u00e9al pour une escapade ressour\u00e7ante.<\/p><\/div>\n<\/div>\n\n\n\n<div class=\"wp-block-uagb-container uagb-block-a2b4d0ac\">\n<div class=\"wp-block-uagb-image alignleft uagb-block-7a16e14f wp-block-uagb-image--layout-default wp-block-uagb-image--effect-static wp-block-uagb-image--align-left\"><figure class=\"wp-block-uagb-image__figure\"><img loading=\"lazy\" decoding=\"async\" srcset=\"https:\/\/campingleplo.fr\/v\/wp-content\/uploads\/2024\/06\/image_50398721-1024x768.jpg ,https:\/\/campingleplo.fr\/v\/wp-content\/uploads\/2024\/06\/image_50398721-scaled.jpg 780w, https:\/\/campingleplo.fr\/v\/wp-content\/uploads\/2024\/06\/image_50398721-scaled.jpg 360w\" sizes=\"auto, (max-width: 480px) 150px\" src=\"https:\/\/campingleplo.fr\/v\/wp-content\/uploads\/2024\/06\/image_50398721-1024x768.jpg\" alt=\"\" class=\"uag-image-138\" width=\"560\" height=\"450\" title=\"image_50398721\" loading=\"lazy\" role=\"img\"\/><\/figure><\/div>\n\n\n\n<div class=\"wp-block-uagb-advanced-heading uagb-block-c5a580ac\"><h3 class=\"uagb-heading-text\">Activit\u00e9s Vari\u00e9es<\/h3><p class=\"uagb-desc-text\">Profitez des nombreuses activit\u00e9s de plein air et de loisirs propos\u00e9es \u00e0 proximit\u00e9 pour des journ\u00e9es riches en d\u00e9couvertes et \u00e9motions.<\/p><\/div>\n<\/div>\n<\/div>\n<\/div><\/div>\n\n\n\n<div class=\"wp-block-uagb-container uagb-block-c84325e4 alignfull uagb-is-root-container\"><div class=\"uagb-container-inner-blocks-wrap\">\n<div class=\"wp-block-uagb-info-box uagb-block-d8a09d88 uagb-infobox__content-wrap  uagb-infobox-icon-above-title uagb-infobox-image-valign-top\"><div class=\"uagb-ifb-content\"><div class=\"uagb-ifb-title-wrap\"><h2 class=\"uagb-ifb-title\">R\u00e9servez Votre S\u00e9jour D\u00e8s Maintenant<\/h2><\/div><p class=\"uagb-ifb-desc\">Planifiez votre escapade parmi les paysages idylliques de l&rsquo;Aveyron. Un s\u00e9jour \u00e0 Camping Le Pl\u00f4 vous attend, r\u00e9servez d\u00e8s maintenant.<\/p><div class=\"uagb-ifb-button-wrapper wp-block-button\"><a href=\"\/v\/recherche-disponibilite\/\" class=\"uagb-infobox-cta-link wp-block-button__link\" target=\"_self\" rel=\"noopener noreferrer\" onclick=\"return true;\"><span class=\"uagb-inline-editing\">R\u00e9servez Maintenant<\/span><\/a><\/div><\/div><\/div>\n<\/div><\/div>\n","protected":false},"excerpt":{"rendered":"<p>D\u00e9couvrez nos services Proposition de valeur unique D\u00e9couvrez ce qui rend Camping Le Pl\u00f4 si sp\u00e9cial et m\u00e9morable pour des [&hellip;]<\/p>\n","protected":false},"author":1,"featured_media":111,"parent":0,"menu_order":0,"comment_status":"closed","ping_status":"closed","template":"","meta":{"_uag_custom_page_level_css":"","site-sidebar-layout":"default","site-content-layout":"","ast-site-content-layout":"default","site-content-style":"default","site-sidebar-style":"default","ast-global-header-display":"","ast-banner-title-visibility":"","ast-main-header-display":"","ast-hfb-above-header-display":"","ast-hfb-below-header-display":"","ast-hfb-mobile-header-display":"","site-post-title":"disabled","ast-breadcrumbs-content":"","ast-featured-img":"","footer-sml-layout":"","ast-disable-related-posts":"","theme-transparent-header-meta":"enabled","adv-header-id-meta":"","stick-header-meta":"","header-above-stick-meta":"","header-main-stick-meta":"","header-below-stick-meta":"","astra-migrate-meta-layouts":"set","ast-page-background-enabled":"default","ast-page-background-meta":{"desktop":{"background-color":"var(--ast-global-color-4)","background-image":"","background-repeat":"repeat","background-position":"center center","background-size":"auto","background-attachment":"scroll","background-type":"","background-media":"","overlay-type":"","overlay-color":"","overlay-opacity":"","overlay-gradient":""},"tablet":{"background-color":"","background-image":"","background-repeat":"repeat","background-position":"center center","background-size":"auto","background-attachment":"scroll","background-type":"","background-media":"","overlay-type":"","overlay-color":"","overlay-opacity":"","overlay-gradient":""},"mobile":{"background-color":"","background-image":"","background-repeat":"repeat","background-position":"center center","background-size":"auto","background-attachment":"scroll","background-type":"","background-media":"","overlay-type":"","overlay-color":"","overlay-opacity":"","overlay-gradient":""}},"ast-content-background-meta":{"desktop":{"background-color":"var(--ast-global-color-5)","background-image":"","background-repeat":"repeat","background-position":"center center","background-size":"auto","background-attachment":"scroll","background-type":"","background-media":"","overlay-type":"","overlay-color":"","overlay-opacity":"","overlay-gradient":""},"tablet":{"background-color":"var(--ast-global-color-5)","background-image":"","background-repeat":"repeat","background-position":"center center","background-size":"auto","background-attachment":"scroll","background-type":"","background-media":"","overlay-type":"","overlay-color":"","overlay-opacity":"","overlay-gradient":""},"mobile":{"background-color":"var(--ast-global-color-5)","background-image":"","background-repeat":"repeat","background-position":"center center","background-size":"auto","background-attachment":"scroll","background-type":"","background-media":"","overlay-type":"","overlay-color":"","overlay-opacity":"","overlay-gradient":""}},"footnotes":""},"class_list":["post-167","page","type-page","status-publish","has-post-thumbnail","hentry"],"yoast_head":"<!-- This site is optimized with the Yoast SEO plugin v27.5 - https:\/\/yoast.com\/product\/yoast-seo-wordpress\/ -->\n<title>Services - Camping \u2605\u2605\u2605<\/title>\n<meta name=\"robots\" content=\"index, follow, max-snippet:-1, max-image-preview:large, max-video-preview:-1\" \/>\n<link rel=\"canonical\" href=\"https:\/\/campingleplo.fr\/v\/services\/\" \/>\n<meta property=\"og:locale\" content=\"fr_FR\" \/>\n<meta property=\"og:type\" content=\"article\" \/>\n<meta property=\"og:title\" content=\"Services - Camping \u2605\u2605\u2605\" \/>\n<meta property=\"og:description\" content=\"D\u00e9couvrez nos services Proposition de valeur unique D\u00e9couvrez ce qui rend Camping Le Pl\u00f4 si sp\u00e9cial et m\u00e9morable pour des [&hellip;]\" \/>\n<meta property=\"og:url\" content=\"https:\/\/campingleplo.fr\/v\/services\/\" \/>\n<meta property=\"og:site_name\" content=\"Camping \u2605\u2605\u2605\" \/>\n<meta property=\"article:modified_time\" content=\"2024-12-02T19:38:05+00:00\" \/>\n<meta property=\"og:image\" content=\"https:\/\/campingleplo.fr\/v\/wp-content\/uploads\/2024\/06\/IMG_8182-scaled.jpg\" \/>\n\t<meta property=\"og:image:width\" content=\"2560\" \/>\n\t<meta property=\"og:image:height\" content=\"1920\" \/>\n\t<meta property=\"og:image:type\" content=\"image\/jpeg\" \/>\n<meta name=\"twitter:card\" content=\"summary_large_image\" \/>\n<meta name=\"twitter:label1\" content=\"Dur\u00e9e de lecture estim\u00e9e\" \/>\n\t<meta name=\"twitter:data1\" content=\"3 minutes\" \/>\n<script type=\"application\/ld+json\" class=\"yoast-schema-graph\">{\"@context\":\"https:\\\/\\\/schema.org\",\"@graph\":[{\"@type\":\"WebPage\",\"@id\":\"https:\\\/\\\/campingleplo.fr\\\/v\\\/services\\\/\",\"url\":\"https:\\\/\\\/campingleplo.fr\\\/v\\\/services\\\/\",\"name\":\"Services - Camping \u2605\u2605\u2605\",\"isPartOf\":{\"@id\":\"https:\\\/\\\/campingleplo.fr\\\/v\\\/#website\"},\"primaryImageOfPage\":{\"@id\":\"https:\\\/\\\/campingleplo.fr\\\/v\\\/services\\\/#primaryimage\"},\"image\":{\"@id\":\"https:\\\/\\\/campingleplo.fr\\\/v\\\/services\\\/#primaryimage\"},\"thumbnailUrl\":\"https:\\\/\\\/campingleplo.fr\\\/v\\\/wp-content\\\/uploads\\\/2024\\\/06\\\/IMG_8182-scaled.jpg\",\"datePublished\":\"2024-06-24T19:43:17+00:00\",\"dateModified\":\"2024-12-02T19:38:05+00:00\",\"breadcrumb\":{\"@id\":\"https:\\\/\\\/campingleplo.fr\\\/v\\\/services\\\/#breadcrumb\"},\"inLanguage\":\"fr-FR\",\"potentialAction\":[{\"@type\":\"ReadAction\",\"target\":[\"https:\\\/\\\/campingleplo.fr\\\/v\\\/services\\\/\"]}]},{\"@type\":\"ImageObject\",\"inLanguage\":\"fr-FR\",\"@id\":\"https:\\\/\\\/campingleplo.fr\\\/v\\\/services\\\/#primaryimage\",\"url\":\"https:\\\/\\\/campingleplo.fr\\\/v\\\/wp-content\\\/uploads\\\/2024\\\/06\\\/IMG_8182-scaled.jpg\",\"contentUrl\":\"https:\\\/\\\/campingleplo.fr\\\/v\\\/wp-content\\\/uploads\\\/2024\\\/06\\\/IMG_8182-scaled.jpg\",\"width\":2560,\"height\":1920},{\"@type\":\"BreadcrumbList\",\"@id\":\"https:\\\/\\\/campingleplo.fr\\\/v\\\/services\\\/#breadcrumb\",\"itemListElement\":[{\"@type\":\"ListItem\",\"position\":1,\"name\":\"Accueil\",\"item\":\"https:\\\/\\\/campingleplo.fr\\\/v\\\/\"},{\"@type\":\"ListItem\",\"position\":2,\"name\":\"Services\"}]},{\"@type\":\"WebSite\",\"@id\":\"https:\\\/\\\/campingleplo.fr\\\/v\\\/#website\",\"url\":\"https:\\\/\\\/campingleplo.fr\\\/v\\\/\",\"name\":\"Camping Le Pl\u00f4\",\"description\":\"D\u00e9couvrez l\u2019harmonie parfaite entre nature pr\u00e9serv\u00e9e et confort moderne au Camping Le Plo, au c\u0153ur de l\u2019Aveyron.\",\"publisher\":{\"@id\":\"https:\\\/\\\/campingleplo.fr\\\/v\\\/#organization\"},\"alternateName\":\"Camping Le Pl\u00f4\",\"potentialAction\":[{\"@type\":\"SearchAction\",\"target\":{\"@type\":\"EntryPoint\",\"urlTemplate\":\"https:\\\/\\\/campingleplo.fr\\\/v\\\/?s={search_term_string}\"},\"query-input\":{\"@type\":\"PropertyValueSpecification\",\"valueRequired\":true,\"valueName\":\"search_term_string\"}}],\"inLanguage\":\"fr-FR\"},{\"@type\":\"Organization\",\"@id\":\"https:\\\/\\\/campingleplo.fr\\\/v\\\/#organization\",\"name\":\"Camping Le Pl\u00f4\",\"url\":\"https:\\\/\\\/campingleplo.fr\\\/v\\\/\",\"logo\":{\"@type\":\"ImageObject\",\"inLanguage\":\"fr-FR\",\"@id\":\"https:\\\/\\\/campingleplo.fr\\\/v\\\/#\\\/schema\\\/logo\\\/image\\\/\",\"url\":\"https:\\\/\\\/campingleplo.fr\\\/v\\\/wp-content\\\/uploads\\\/2025\\\/09\\\/cropped-cropped-cropped-camping_le_plo_logo.png\",\"contentUrl\":\"https:\\\/\\\/campingleplo.fr\\\/v\\\/wp-content\\\/uploads\\\/2025\\\/09\\\/cropped-cropped-cropped-camping_le_plo_logo.png\",\"width\":512,\"height\":512,\"caption\":\"Camping Le Pl\u00f4\"},\"image\":{\"@id\":\"https:\\\/\\\/campingleplo.fr\\\/v\\\/#\\\/schema\\\/logo\\\/image\\\/\"}}]}<\/script>\n<!-- \/ Yoast SEO plugin. -->","yoast_head_json":{"title":"Services - Camping \u2605\u2605\u2605","robots":{"index":"index","follow":"follow","max-snippet":"max-snippet:-1","max-image-preview":"max-image-preview:large","max-video-preview":"max-video-preview:-1"},"canonical":"https:\/\/campingleplo.fr\/v\/services\/","og_locale":"fr_FR","og_type":"article","og_title":"Services - Camping \u2605\u2605\u2605","og_description":"D\u00e9couvrez nos services Proposition de valeur unique D\u00e9couvrez ce qui rend Camping Le Pl\u00f4 si sp\u00e9cial et m\u00e9morable pour des [&hellip;]","og_url":"https:\/\/campingleplo.fr\/v\/services\/","og_site_name":"Camping \u2605\u2605\u2605","article_modified_time":"2024-12-02T19:38:05+00:00","og_image":[{"width":2560,"height":1920,"url":"https:\/\/campingleplo.fr\/v\/wp-content\/uploads\/2024\/06\/IMG_8182-scaled.jpg","type":"image\/jpeg"}],"twitter_card":"summary_large_image","twitter_misc":{"Dur\u00e9e de lecture estim\u00e9e":"3 minutes"},"schema":{"@context":"https:\/\/schema.org","@graph":[{"@type":"WebPage","@id":"https:\/\/campingleplo.fr\/v\/services\/","url":"https:\/\/campingleplo.fr\/v\/services\/","name":"Services - Camping \u2605\u2605\u2605","isPartOf":{"@id":"https:\/\/campingleplo.fr\/v\/#website"},"primaryImageOfPage":{"@id":"https:\/\/campingleplo.fr\/v\/services\/#primaryimage"},"image":{"@id":"https:\/\/campingleplo.fr\/v\/services\/#primaryimage"},"thumbnailUrl":"https:\/\/campingleplo.fr\/v\/wp-content\/uploads\/2024\/06\/IMG_8182-scaled.jpg","datePublished":"2024-06-24T19:43:17+00:00","dateModified":"2024-12-02T19:38:05+00:00","breadcrumb":{"@id":"https:\/\/campingleplo.fr\/v\/services\/#breadcrumb"},"inLanguage":"fr-FR","potentialAction":[{"@type":"ReadAction","target":["https:\/\/campingleplo.fr\/v\/services\/"]}]},{"@type":"ImageObject","inLanguage":"fr-FR","@id":"https:\/\/campingleplo.fr\/v\/services\/#primaryimage","url":"https:\/\/campingleplo.fr\/v\/wp-content\/uploads\/2024\/06\/IMG_8182-scaled.jpg","contentUrl":"https:\/\/campingleplo.fr\/v\/wp-content\/uploads\/2024\/06\/IMG_8182-scaled.jpg","width":2560,"height":1920},{"@type":"BreadcrumbList","@id":"https:\/\/campingleplo.fr\/v\/services\/#breadcrumb","itemListElement":[{"@type":"ListItem","position":1,"name":"Accueil","item":"https:\/\/campingleplo.fr\/v\/"},{"@type":"ListItem","position":2,"name":"Services"}]},{"@type":"WebSite","@id":"https:\/\/campingleplo.fr\/v\/#website","url":"https:\/\/campingleplo.fr\/v\/","name":"Camping Le Pl\u00f4","description":"D\u00e9couvrez l\u2019harmonie parfaite entre nature pr\u00e9serv\u00e9e et confort moderne au Camping Le Plo, au c\u0153ur de l\u2019Aveyron.","publisher":{"@id":"https:\/\/campingleplo.fr\/v\/#organization"},"alternateName":"Camping Le Pl\u00f4","potentialAction":[{"@type":"SearchAction","target":{"@type":"EntryPoint","urlTemplate":"https:\/\/campingleplo.fr\/v\/?s={search_term_string}"},"query-input":{"@type":"PropertyValueSpecification","valueRequired":true,"valueName":"search_term_string"}}],"inLanguage":"fr-FR"},{"@type":"Organization","@id":"https:\/\/campingleplo.fr\/v\/#organization","name":"Camping Le Pl\u00f4","url":"https:\/\/campingleplo.fr\/v\/","logo":{"@type":"ImageObject","inLanguage":"fr-FR","@id":"https:\/\/campingleplo.fr\/v\/#\/schema\/logo\/image\/","url":"https:\/\/campingleplo.fr\/v\/wp-content\/uploads\/2025\/09\/cropped-cropped-cropped-camping_le_plo_logo.png","contentUrl":"https:\/\/campingleplo.fr\/v\/wp-content\/uploads\/2025\/09\/cropped-cropped-cropped-camping_le_plo_logo.png","width":512,"height":512,"caption":"Camping Le Pl\u00f4"},"image":{"@id":"https:\/\/campingleplo.fr\/v\/#\/schema\/logo\/image\/"}}]}},"uagb_featured_image_src":{"full":["https:\/\/campingleplo.fr\/v\/wp-content\/uploads\/2024\/06\/IMG_8182-scaled.jpg",2560,1920,false],"thumbnail":["https:\/\/campingleplo.fr\/v\/wp-content\/uploads\/2024\/06\/IMG_8182-150x150.jpg",150,150,true],"medium":["https:\/\/campingleplo.fr\/v\/wp-content\/uploads\/2024\/06\/IMG_8182-300x225.jpg",300,225,true],"medium_large":["https:\/\/campingleplo.fr\/v\/wp-content\/uploads\/2024\/06\/IMG_8182-768x576.jpg",768,576,true],"large":["https:\/\/campingleplo.fr\/v\/wp-content\/uploads\/2024\/06\/IMG_8182-1024x768.jpg",1024,768,true],"1536x1536":["https:\/\/campingleplo.fr\/v\/wp-content\/uploads\/2024\/06\/IMG_8182-1536x1152.jpg",1536,1152,true],"2048x2048":["https:\/\/campingleplo.fr\/v\/wp-content\/uploads\/2024\/06\/IMG_8182-2048x1536.jpg",2048,1536,true]},"uagb_author_info":{"display_name":"admin_sitaime","author_link":"https:\/\/campingleplo.fr\/v\/author\/admin_sitaime\/"},"uagb_comment_info":0,"uagb_excerpt":"D\u00e9couvrez nos services Proposition de valeur unique D\u00e9couvrez ce qui rend Camping Le Pl\u00f4 si sp\u00e9cial et m\u00e9morable pour des [&hellip;]","_links":{"self":[{"href":"https:\/\/campingleplo.fr\/v\/wp-json\/wp\/v2\/pages\/167","targetHints":{"allow":["GET"]}}],"collection":[{"href":"https:\/\/campingleplo.fr\/v\/wp-json\/wp\/v2\/pages"}],"about":[{"href":"https:\/\/campingleplo.fr\/v\/wp-json\/wp\/v2\/types\/page"}],"author":[{"embeddable":true,"href":"https:\/\/campingleplo.fr\/v\/wp-json\/wp\/v2\/users\/1"}],"replies":[{"embeddable":true,"href":"https:\/\/campingleplo.fr\/v\/wp-json\/wp\/v2\/comments?post=167"}],"version-history":[{"count":8,"href":"https:\/\/campingleplo.fr\/v\/wp-json\/wp\/v2\/pages\/167\/revisions"}],"predecessor-version":[{"id":1702,"href":"https:\/\/campingleplo.fr\/v\/wp-json\/wp\/v2\/pages\/167\/revisions\/1702"}],"wp:featuredmedia":[{"embeddable":true,"href":"https:\/\/campingleplo.fr\/v\/wp-json\/wp\/v2\/media\/111"}],"wp:attachment":[{"href":"https:\/\/campingleplo.fr\/v\/wp-json\/wp\/v2\/media?parent=167"}],"curies":[{"name":"wp","href":"https:\/\/api.w.org\/{rel}","templated":true}]}}