{"id":1259,"date":"2024-06-24T21:43:17","date_gmt":"2024-06-24T19:43:17","guid":{"rendered":"http:\/\/s883853285.onlinehome.fr\/html\/camping-le-plo\/home\/"},"modified":"2025-12-06T00:33:10","modified_gmt":"2025-12-05T23:33:10","slug":"camping-le-plo-nature-et-confort","status":"publish","type":"page","link":"https:\/\/campingleplo.fr\/v\/","title":{"rendered":"Camping Le Pl\u00f4"},"content":{"rendered":"\n<div class=\"wp-block-uagb-container uagb-block-edf9ad47 alignfull uagb-is-root-container\"><div class=\"uagb-container-inner-blocks-wrap\">\n<div class=\"wp-block-uagb-info-box uagb-block-360d083e uagb-infobox__content-wrap  uagb-infobox-icon-above-title uagb-infobox-image-valign-top\"><div class=\"uagb-ifb-content\"><div class=\"uagb-ifb-title-wrap\"><h1 class=\"uagb-ifb-title\"><strong>Camping Le Pl\u00f4<br><\/strong>Nature et Confort<\/h1><\/div><p class=\"uagb-ifb-desc\"><strong>Ouvert toute l&rsquo;ann\u00e9e<br><\/strong>D\u00e9couvrez l&rsquo;harmonie parfaite entre nature pr\u00e9serv\u00e9e et confort moderne au Camping Le Plo, au c\u0153ur de l&rsquo;Aveyron.<\/p><div class=\"uagb-ifb-button-wrapper wp-block-button\"><a href=\"recherche-disponibilite\/\" class=\"uagb-infobox-cta-link wp-block-button__link\" target=\"_self\" rel=\"noopener noreferrer\" onclick=\"return true;\"><span class=\"uagb-inline-editing\">R\u00e9servez Maintenant<\/span><\/a><\/div><\/div><\/div>\n<\/div><\/div>\n\n\n\n<div class=\"wp-block-uagb-container uagb-block-cd2fc679 alignfull uagb-is-root-container\"><div class=\"uagb-container-inner-blocks-wrap\">\n<div class=\"wp-block-uagb-info-box uagb-block-3b175fd5 uagb-infobox__content-wrap  uagb-infobox-icon-above-title uagb-infobox-image-valign-top\"><div class=\"uagb-ifb-content\"><div class=\"uagb-ifb-title-wrap\"><h2 class=\"uagb-ifb-title\">Les offres principales<\/h2><\/div><p class=\"uagb-ifb-desc\">Explorez nos principales offres pour une exp\u00e9rience exceptionnelle<\/p><\/div><\/div>\n\n\n\n<div class=\"wp-block-uagb-container uagb-block-93377a07\">\n<div class=\"wp-block-uagb-container uagb-block-fae5d157\">\n<div class=\"wp-block-uagb-image alignleft uagb-block-df4cd6be wp-block-uagb-image--layout-default wp-block-uagb-image--effect-static wp-block-uagb-image--align-left\"><figure class=\"wp-block-uagb-image__figure\"><img loading=\"lazy\" decoding=\"async\" srcset=\"https:\/\/campingleplo.fr\/v\/wp-content\/uploads\/2024\/06\/IMG_8182-1024x768.jpg ,https:\/\/campingleplo.fr\/v\/wp-content\/uploads\/2024\/06\/IMG_8182-scaled.jpg 780w, https:\/\/campingleplo.fr\/v\/wp-content\/uploads\/2024\/06\/IMG_8182-scaled.jpg 360w\" sizes=\"auto, (max-width: 480px) 150px\" src=\"https:\/\/campingleplo.fr\/v\/wp-content\/uploads\/2024\/06\/IMG_8182-1024x768.jpg\" alt=\"\" class=\"uag-image-111\" width=\"373\" height=\"480\" title=\"IMG_8182\" loading=\"lazy\" role=\"img\"\/><\/figure><\/div>\n\n\n\n<div class=\"wp-block-uagb-advanced-heading uagb-block-82da6484\"><h3 class=\"uagb-heading-text\">Chalets Bois<\/h3><p class=\"uagb-desc-text\">H\u00e9bergements authentiques offrant confort et immersion totale dans la nature pr\u00e9serv\u00e9e.<\/p><\/div>\n<\/div>\n\n\n\n<div class=\"wp-block-uagb-container uagb-block-b4a21a88\">\n<div class=\"wp-block-uagb-image alignleft uagb-block-2400b6c1 wp-block-uagb-image--layout-default wp-block-uagb-image--effect-static wp-block-uagb-image--align-left\"><figure class=\"wp-block-uagb-image__figure\"><img loading=\"lazy\" decoding=\"async\" srcset=\"https:\/\/campingleplo.fr\/v\/wp-content\/uploads\/2024\/06\/DSCF53771-1500x630-1-1024x430.jpg ,https:\/\/campingleplo.fr\/v\/wp-content\/uploads\/2024\/06\/DSCF53771-1500x630-1.jpg 780w, https:\/\/campingleplo.fr\/v\/wp-content\/uploads\/2024\/06\/DSCF53771-1500x630-1.jpg 360w\" sizes=\"auto, (max-width: 480px) 150px\" src=\"https:\/\/campingleplo.fr\/v\/wp-content\/uploads\/2024\/06\/DSCF53771-1500x630-1-1024x430.jpg\" alt=\"\" class=\"uag-image-137\" width=\"373\" height=\"480\" title=\"DSCF53771-1500x630\" loading=\"lazy\" role=\"img\"\/><\/figure><\/div>\n\n\n\n<div class=\"wp-block-uagb-advanced-heading uagb-block-ddf76d8a\"><h3 class=\"uagb-heading-text\">Piscine Chauff\u00e9e<\/h3><p class=\"uagb-desc-text\">Profitez de moments de d\u00e9tente inoubliables dans notre piscine couverte et chauff\u00e9e \u00e0 toute saison.<\/p><\/div>\n<\/div>\n\n\n\n<div class=\"wp-block-uagb-container uagb-block-4be5b602\">\n<div class=\"wp-block-uagb-image alignleft uagb-block-b48fe4eb wp-block-uagb-image--layout-default wp-block-uagb-image--effect-static wp-block-uagb-image--align-left\"><figure class=\"wp-block-uagb-image__figure\"><img loading=\"lazy\" decoding=\"async\" srcset=\"https:\/\/campingleplo.fr\/v\/wp-content\/uploads\/2024\/09\/tw2cu6vvtzo-758x1024.jpg ,https:\/\/campingleplo.fr\/v\/wp-content\/uploads\/2024\/09\/tw2cu6vvtzo.jpg 780w, https:\/\/campingleplo.fr\/v\/wp-content\/uploads\/2024\/09\/tw2cu6vvtzo.jpg 360w\" sizes=\"auto, (max-width: 480px) 150px\" src=\"https:\/\/campingleplo.fr\/v\/wp-content\/uploads\/2024\/09\/tw2cu6vvtzo-758x1024.jpg\" alt=\"a wooden cutting board topped with lots of food\" class=\"uag-image-1573\" width=\"373\" height=\"480\" title=\"Photo by Daniel L\" loading=\"lazy\" role=\"img\"\/><\/figure><\/div>\n\n\n\n<div class=\"wp-block-uagb-advanced-heading uagb-block-2d89467b\"><h3 class=\"uagb-heading-text\">Cuisine R\u00e9gionale<\/h3><p class=\"uagb-desc-text\">Laissez-vous s\u00e9duire par notre restaurant qui vous propose des sp\u00e9cialit\u00e9s r\u00e9gionales d\u00e9licieuses \u00e0 savourer.<\/p><\/div>\n<\/div>\n<\/div>\n<\/div><\/div>\n\n\n\n<div class=\"wp-block-uagb-container uagb-block-0cf1e869 alignfull uagb-is-root-container\"><div class=\"uagb-container-inner-blocks-wrap\">\n<div class=\"wp-block-uagb-container uagb-block-8e894bf5\">\n<div class=\"wp-block-uagb-image alignleft uagb-block-88e52dea wp-block-uagb-image--layout-default wp-block-uagb-image--effect-static wp-block-uagb-image--align-left\"><figure class=\"wp-block-uagb-image__figure\"><img loading=\"lazy\" decoding=\"async\" srcset=\"https:\/\/campingleplo.fr\/v\/wp-content\/uploads\/2024\/05\/image_50398721-1024x768.jpg ,https:\/\/campingleplo.fr\/v\/wp-content\/uploads\/2024\/05\/image_50398721-scaled.jpg 780w, https:\/\/campingleplo.fr\/v\/wp-content\/uploads\/2024\/05\/image_50398721-scaled.jpg 360w\" sizes=\"auto, (max-width: 480px) 150px\" src=\"https:\/\/campingleplo.fr\/v\/wp-content\/uploads\/2024\/05\/image_50398721-1024x768.jpg\" alt=\"\" class=\"uag-image-54\" width=\"550\" height=\"536\" title=\"image_50398721\" loading=\"lazy\" role=\"img\"\/><\/figure><\/div>\n<\/div>\n\n\n\n<div class=\"wp-block-uagb-container uagb-block-db5a712e\">\n<div class=\"wp-block-uagb-info-box uagb-block-69f2621f uagb-infobox__content-wrap  uagb-infobox-icon-above-title uagb-infobox-image-valign-top\"><div class=\"uagb-ifb-content\"><div class=\"uagb-ifb-title-wrap\"><h2 class=\"uagb-ifb-title\">Notre Histoire<\/h2><\/div><p class=\"uagb-ifb-desc\">Une exp\u00e9rience authentique de nature pr\u00e9serv\u00e9e et de confort moderne au c\u0153ur de l&rsquo;Aveyron, entre les Causses et l&rsquo;Aubrac.<\/p><div class=\"uagb-ifb-button-wrapper wp-block-button\"><a href=\"about\/\" class=\"uagb-infobox-cta-link wp-block-button__link\" target=\"_self\" rel=\"noopener noreferrer\" onclick=\"return true;\"><span class=\"uagb-inline-editing\">En savoir plus<\/span><\/a><\/div><\/div><\/div>\n<\/div>\n<\/div><\/div>\n\n\n\n<div class=\"wp-block-uagb-container uagb-block-b9774670 alignfull uagb-is-root-container\"><div class=\"uagb-container-inner-blocks-wrap\">\n<div class=\"wp-block-uagb-testimonial uagb-slick-carousel uagb-tm__arrow-outside uagb-block-9c5eb390 uagb-post__carousel_notset uagb-post__carousel_notset-tablet uagb-post__carousel_notset-mobile\"><div class=\"is-carousel uagb-tm__columns-1 uagb-tm__items\"><div class=\"uagb-testimonial__wrap  uagb-tm__imgicon-style-circle uagb-tm__image-position-top uagb-tm__bg-type-none \"><div class=\"uagb-tm__content\"><div class=\"uagb-tm__overlay\"><\/div><div class=\"uagb-tm__image-content\"><div class=\"uagb-tm__image\"><img loading=\"lazy\" decoding=\"async\" class=\"uagb-tm-img-src\" src=\"https:\/\/campingleplo.fr\/v\/wp-content\/uploads\/2023\/08\/testimonial-skip-01.jpeg\" alt=\"\" width=\"64\" height=\"64\" loading=\"lazy\"\/><\/div><\/div><div class=\"uagb-tm__text-wrap\"><div class=\"uagb-tm__desc\">Un lieu magique au c\u0153ur de la nature, id\u00e9al pour se ressourcer et cr\u00e9er des souvenirs inoubliables.<\/div><div class=\"uagb-tm__meta-inner\"><div class=\"uagb-testimonial-details\"><span class=\"uagb-tm__author-name\">Pierre Dupont<\/span><span class=\"uagb-tm__company\"><\/span><\/div><\/div><\/div><\/div><\/div><\/div><\/div>\n<\/div><\/div>\n\n\n\n<div class=\"wp-block-uagb-container uagb-block-ec01bfa7 alignfull uagb-is-root-container\"><div class=\"uagb-container-inner-blocks-wrap\">\n<div class=\"wp-block-uagb-info-box uagb-block-13d69fb3 uagb-infobox__content-wrap  uagb-infobox-icon-above-title uagb-infobox-image-valign-top\"><div class=\"uagb-ifb-content\"><div class=\"uagb-ifb-title-wrap\"><h2 class=\"uagb-ifb-title\">Proposition de valeur unique<\/h2><\/div><p class=\"uagb-ifb-desc\">D\u00e9couvrez ce qui rend Camping Le Pl\u00f4 si sp\u00e9cial et m\u00e9morable pour des vacances uniques.<\/p><\/div><\/div>\n\n\n\n<div class=\"wp-block-uagb-container uagb-block-5bf3f238\">\n<div class=\"wp-block-uagb-container uagb-block-8b947d96\">\n<div class=\"wp-block-uagb-image uagb-block-f831083c wp-block-uagb-image--layout-default wp-block-uagb-image--effect-static wp-block-uagb-image--align-none\"><figure class=\"wp-block-uagb-image__figure\"><img loading=\"lazy\" decoding=\"async\" srcset=\"https:\/\/campingleplo.fr\/v\/wp-content\/uploads\/2024\/06\/IMG_5669-1024x768.jpg ,https:\/\/campingleplo.fr\/v\/wp-content\/uploads\/2024\/06\/IMG_5669-scaled.jpg 780w, https:\/\/campingleplo.fr\/v\/wp-content\/uploads\/2024\/06\/IMG_5669-scaled.jpg 360w\" sizes=\"auto, (max-width: 480px) 150px\" src=\"https:\/\/campingleplo.fr\/v\/wp-content\/uploads\/2024\/06\/IMG_5669-1024x768.jpg\" alt=\"\" class=\"uag-image-140\" width=\"550\" height=\"500\" title=\"IMG_5669\" loading=\"lazy\" role=\"img\"\/><\/figure><\/div>\n<\/div>\n\n\n\n<div class=\"wp-block-uagb-container uagb-block-c465247c\">\n<div class=\"wp-block-uagb-info-box uagb-block-73b22374 uagb-infobox__content-wrap  uagb-infobox-icon-above-title uagb-infobox-image-valign-top\"><div class=\"uagb-ifb-content\"><div class=\"uagb-ifb-title-wrap\"><h3 class=\"uagb-ifb-title\">Nature Pr\u00e9serv\u00e9e<\/h3><\/div><p class=\"uagb-ifb-desc\">Notre site offre un cadre naturel pr\u00e9serv\u00e9 o\u00f9 calme et tranquillit\u00e9 r\u00e8gnent en ma\u00eetres, id\u00e9al pour une escapade ressour\u00e7ante.<\/p><div class=\"uagb-ifb-button-wrapper wp-block-button\"><a href=\"offerings\/\" class=\"uagb-infobox-cta-link wp-block-button__link\" target=\"_self\" rel=\"noopener noreferrer\" onclick=\"return true;\"><span class=\"uagb-inline-editing\">En savoir plus<\/span><\/a><\/div><\/div><\/div>\n<\/div>\n<\/div>\n\n\n\n<div class=\"wp-block-uagb-container uagb-block-4dac132f\">\n<div class=\"wp-block-uagb-container uagb-block-44450004\">\n<div class=\"wp-block-uagb-image uagb-block-1fbbd46b wp-block-uagb-image--layout-default wp-block-uagb-image--effect-static wp-block-uagb-image--align-none\"><figure class=\"wp-block-uagb-image__figure\"><img loading=\"lazy\" decoding=\"async\" srcset=\"https:\/\/campingleplo.fr\/v\/wp-content\/uploads\/2024\/06\/image_50398721-1024x768.jpg ,https:\/\/campingleplo.fr\/v\/wp-content\/uploads\/2024\/06\/image_50398721-scaled.jpg 780w, https:\/\/campingleplo.fr\/v\/wp-content\/uploads\/2024\/06\/image_50398721-scaled.jpg 360w\" sizes=\"auto, (max-width: 480px) 150px\" src=\"https:\/\/campingleplo.fr\/v\/wp-content\/uploads\/2024\/06\/image_50398721-1024x768.jpg\" alt=\"\" class=\"uag-image-138\" width=\"550\" height=\"500\" title=\"image_50398721\" loading=\"lazy\" role=\"img\"\/><\/figure><\/div>\n<\/div>\n\n\n\n<div class=\"wp-block-uagb-container uagb-block-8b26c666\">\n<div class=\"wp-block-uagb-info-box uagb-block-af69361d uagb-infobox__content-wrap  uagb-infobox-icon-above-title uagb-infobox-image-valign-top\"><div class=\"uagb-ifb-content\"><div class=\"uagb-ifb-title-wrap\"><h3 class=\"uagb-ifb-title\">Activit\u00e9s Vari\u00e9es<\/h3><\/div><p class=\"uagb-ifb-desc\">Profitez des nombreuses activit\u00e9s de plein air et de loisirs propos\u00e9es \u00e0 proximit\u00e9 pour des journ\u00e9es riches en d\u00e9couvertes et \u00e9motions.<\/p><div class=\"uagb-ifb-button-wrapper wp-block-button\"><a href=\"offerings\/\" class=\"uagb-infobox-cta-link wp-block-button__link\" target=\"_self\" rel=\"noopener noreferrer\" onclick=\"return true;\"><span class=\"uagb-inline-editing\">En savoir plus<\/span><\/a><\/div><\/div><\/div>\n<\/div>\n<\/div>\n<\/div><\/div>\n\n\n\n<div class=\"wp-block-uagb-container uagb-block-c84325e4 alignfull uagb-is-root-container\"><div class=\"uagb-container-inner-blocks-wrap\">\n<div class=\"wp-block-uagb-info-box uagb-block-d8a09d88 uagb-infobox__content-wrap  uagb-infobox-icon-above-title uagb-infobox-image-valign-top\"><div class=\"uagb-ifb-content\"><div class=\"uagb-ifb-title-wrap\"><h2 class=\"uagb-ifb-title\">R\u00e9servez Votre S\u00e9jour D\u00e8s Maintenant<\/h2><\/div><p class=\"uagb-ifb-desc\">Planifiez votre escapade parmi les paysages idylliques de l&rsquo;Aveyron. Un s\u00e9jour \u00e0 Camping Le Pl\u00f4 vous attend, r\u00e9servez d\u00e8s maintenant.<\/p><div class=\"uagb-ifb-button-wrapper wp-block-button\"><a href=\"\/v\/recherche-disponibilite\/\" class=\"uagb-infobox-cta-link wp-block-button__link\" target=\"_self\" rel=\"noopener noreferrer\" onclick=\"return true;\"><span class=\"uagb-inline-editing\">R\u00e9servez Maintenant<\/span><\/a><\/div><\/div><\/div>\n<\/div><\/div>\n","protected":false},"excerpt":{"rendered":"<p>Chalets Bois H\u00e9bergements authentiques offrant confort et immersion totale dans la nature pr\u00e9serv\u00e9e. Piscine Chauff\u00e9e Profitez de moments de d\u00e9tente [&hellip;]<\/p>\n","protected":false},"author":1,"featured_media":0,"parent":0,"menu_order":0,"comment_status":"closed","ping_status":"closed","template":"","meta":{"_uag_custom_page_level_css":"","site-sidebar-layout":"default","site-content-layout":"","ast-site-content-layout":"full-width-container","site-content-style":"default","site-sidebar-style":"default","ast-global-header-display":"","ast-banner-title-visibility":"","ast-main-header-display":"","ast-hfb-above-header-display":"","ast-hfb-below-header-display":"","ast-hfb-mobile-header-display":"","site-post-title":"disabled","ast-breadcrumbs-content":"","ast-featured-img":"","footer-sml-layout":"","ast-disable-related-posts":"","theme-transparent-header-meta":"enabled","adv-header-id-meta":"","stick-header-meta":"","header-above-stick-meta":"","header-main-stick-meta":"","header-below-stick-meta":"","astra-migrate-meta-layouts":"set","ast-page-background-enabled":"default","ast-page-background-meta":{"desktop":{"background-color":"var(--ast-global-color-4)","background-image":"","background-repeat":"repeat","background-position":"center center","background-size":"auto","background-attachment":"scroll","background-type":"","background-media":"","overlay-type":"","overlay-color":"","overlay-opacity":"","overlay-gradient":""},"tablet":{"background-color":"","background-image":"","background-repeat":"repeat","background-position":"center center","background-size":"auto","background-attachment":"scroll","background-type":"","background-media":"","overlay-type":"","overlay-color":"","overlay-opacity":"","overlay-gradient":""},"mobile":{"background-color":"","background-image":"","background-repeat":"repeat","background-position":"center center","background-size":"auto","background-attachment":"scroll","background-type":"","background-media":"","overlay-type":"","overlay-color":"","overlay-opacity":"","overlay-gradient":""}},"ast-content-background-meta":{"desktop":{"background-color":"var(--ast-global-color-5)","background-image":"","background-repeat":"repeat","background-position":"center center","background-size":"auto","background-attachment":"scroll","background-type":"","background-media":"","overlay-type":"","overlay-color":"","overlay-opacity":"","overlay-gradient":""},"tablet":{"background-color":"var(--ast-global-color-5)","background-image":"","background-repeat":"repeat","background-position":"center center","background-size":"auto","background-attachment":"scroll","background-type":"","background-media":"","overlay-type":"","overlay-color":"","overlay-opacity":"","overlay-gradient":""},"mobile":{"background-color":"var(--ast-global-color-5)","background-image":"","background-repeat":"repeat","background-position":"center center","background-size":"auto","background-attachment":"scroll","background-type":"","background-media":"","overlay-type":"","overlay-color":"","overlay-opacity":"","overlay-gradient":""}},"footnotes":""},"class_list":["post-1259","page","type-page","status-publish","hentry"],"yoast_head":"<!-- This site is optimized with the Yoast SEO plugin v27.4 - https:\/\/yoast.com\/product\/yoast-seo-wordpress\/ -->\n<title>Camping Le Pl\u00f4 - Camping \u2605\u2605\u2605<\/title>\n<meta name=\"description\" content=\"D\u00e9couvrez l\u2019harmonie parfaite entre nature pr\u00e9serv\u00e9e et confort moderne au Camping Le Plo, au c\u0153ur de l\u2019Aveyron.\" \/>\n<meta name=\"robots\" content=\"index, follow, max-snippet:-1, max-image-preview:large, max-video-preview:-1\" \/>\n<link rel=\"canonical\" href=\"https:\/\/campingleplo.fr\/v\/\" \/>\n<meta property=\"og:locale\" content=\"fr_FR\" \/>\n<meta property=\"og:type\" content=\"article\" \/>\n<meta property=\"og:title\" content=\"Camping Le Pl\u00f4\" \/>\n<meta property=\"og:description\" content=\"D\u00e9couvrez l\u2019harmonie parfaite entre nature pr\u00e9serv\u00e9e et confort moderne au Camping Le Plo, au c\u0153ur de l\u2019Aveyron.\" \/>\n<meta property=\"og:url\" content=\"https:\/\/campingleplo.fr\/v\/\" \/>\n<meta property=\"og:site_name\" content=\"Camping \u2605\u2605\u2605\" \/>\n<meta property=\"article:modified_time\" content=\"2025-12-05T23:33:10+00:00\" \/>\n<meta property=\"og:image\" content=\"https:\/\/campingleplo.fr\/v\/wp-content\/uploads\/2024\/06\/AIA0317.jpg\" \/>\n\t<meta property=\"og:image:width\" content=\"2362\" \/>\n\t<meta property=\"og:image:height\" content=\"1575\" \/>\n\t<meta property=\"og:image:type\" content=\"image\/jpeg\" \/>\n<meta name=\"twitter:card\" content=\"summary_large_image\" \/>\n<meta name=\"twitter:label1\" content=\"Dur\u00e9e de lecture estim\u00e9e\" \/>\n\t<meta name=\"twitter:data1\" content=\"5 minutes\" \/>\n<script type=\"application\/ld+json\" class=\"yoast-schema-graph\">{\"@context\":\"https:\\\/\\\/schema.org\",\"@graph\":[{\"@type\":\"WebPage\",\"@id\":\"https:\\\/\\\/campingleplo.fr\\\/v\\\/\",\"url\":\"https:\\\/\\\/campingleplo.fr\\\/v\\\/\",\"name\":\"Camping Le Pl\u00f4 - Camping \u2605\u2605\u2605\",\"isPartOf\":{\"@id\":\"https:\\\/\\\/campingleplo.fr\\\/v\\\/#website\"},\"primaryImageOfPage\":{\"@id\":\"https:\\\/\\\/campingleplo.fr\\\/v\\\/#primaryimage\"},\"image\":{\"@id\":\"https:\\\/\\\/campingleplo.fr\\\/v\\\/#primaryimage\"},\"thumbnailUrl\":\"http:\\\/\\\/campingleplo.fr\\\/v\\\/wp-content\\\/uploads\\\/2024\\\/06\\\/IMG_8182-1024x768.jpg\",\"datePublished\":\"2024-06-24T19:43:17+00:00\",\"dateModified\":\"2025-12-05T23:33:10+00:00\",\"description\":\"D\u00e9couvrez l\u2019harmonie parfaite entre nature pr\u00e9serv\u00e9e et confort moderne au Camping Le Plo, au c\u0153ur de l\u2019Aveyron.\",\"breadcrumb\":{\"@id\":\"https:\\\/\\\/campingleplo.fr\\\/v\\\/#breadcrumb\"},\"inLanguage\":\"fr-FR\",\"potentialAction\":[{\"@type\":\"ReadAction\",\"target\":[\"https:\\\/\\\/campingleplo.fr\\\/v\\\/\"]}]},{\"@type\":\"ImageObject\",\"inLanguage\":\"fr-FR\",\"@id\":\"https:\\\/\\\/campingleplo.fr\\\/v\\\/#primaryimage\",\"url\":\"http:\\\/\\\/campingleplo.fr\\\/v\\\/wp-content\\\/uploads\\\/2024\\\/06\\\/IMG_8182-1024x768.jpg\",\"contentUrl\":\"http:\\\/\\\/campingleplo.fr\\\/v\\\/wp-content\\\/uploads\\\/2024\\\/06\\\/IMG_8182-1024x768.jpg\"},{\"@type\":\"BreadcrumbList\",\"@id\":\"https:\\\/\\\/campingleplo.fr\\\/v\\\/#breadcrumb\",\"itemListElement\":[{\"@type\":\"ListItem\",\"position\":1,\"name\":\"Accueil\",\"item\":\"https:\\\/\\\/campingleplo.fr\\\/v\\\/\"},{\"@type\":\"ListItem\",\"position\":2,\"name\":\"Camping Le Pl\u00f4\"}]},{\"@type\":\"WebSite\",\"@id\":\"https:\\\/\\\/campingleplo.fr\\\/v\\\/#website\",\"url\":\"https:\\\/\\\/campingleplo.fr\\\/v\\\/\",\"name\":\"Camping Le Pl\u00f4\",\"description\":\"D\u00e9couvrez l\u2019harmonie parfaite entre nature pr\u00e9serv\u00e9e et confort moderne au Camping Le Plo, au c\u0153ur de l\u2019Aveyron.\",\"publisher\":{\"@id\":\"https:\\\/\\\/campingleplo.fr\\\/v\\\/#organization\"},\"alternateName\":\"Camping Le Pl\u00f4\",\"potentialAction\":[{\"@type\":\"SearchAction\",\"target\":{\"@type\":\"EntryPoint\",\"urlTemplate\":\"https:\\\/\\\/campingleplo.fr\\\/v\\\/?s={search_term_string}\"},\"query-input\":{\"@type\":\"PropertyValueSpecification\",\"valueRequired\":true,\"valueName\":\"search_term_string\"}}],\"inLanguage\":\"fr-FR\"},{\"@type\":\"Organization\",\"@id\":\"https:\\\/\\\/campingleplo.fr\\\/v\\\/#organization\",\"name\":\"Camping Le Pl\u00f4\",\"url\":\"https:\\\/\\\/campingleplo.fr\\\/v\\\/\",\"logo\":{\"@type\":\"ImageObject\",\"inLanguage\":\"fr-FR\",\"@id\":\"https:\\\/\\\/campingleplo.fr\\\/v\\\/#\\\/schema\\\/logo\\\/image\\\/\",\"url\":\"https:\\\/\\\/campingleplo.fr\\\/v\\\/wp-content\\\/uploads\\\/2025\\\/09\\\/cropped-cropped-cropped-camping_le_plo_logo.png\",\"contentUrl\":\"https:\\\/\\\/campingleplo.fr\\\/v\\\/wp-content\\\/uploads\\\/2025\\\/09\\\/cropped-cropped-cropped-camping_le_plo_logo.png\",\"width\":512,\"height\":512,\"caption\":\"Camping Le Pl\u00f4\"},\"image\":{\"@id\":\"https:\\\/\\\/campingleplo.fr\\\/v\\\/#\\\/schema\\\/logo\\\/image\\\/\"}}]}<\/script>\n<!-- \/ Yoast SEO plugin. -->","yoast_head_json":{"title":"Camping Le Pl\u00f4 - Camping \u2605\u2605\u2605","description":"D\u00e9couvrez l\u2019harmonie parfaite entre nature pr\u00e9serv\u00e9e et confort moderne au Camping Le Plo, au c\u0153ur de l\u2019Aveyron.","robots":{"index":"index","follow":"follow","max-snippet":"max-snippet:-1","max-image-preview":"max-image-preview:large","max-video-preview":"max-video-preview:-1"},"canonical":"https:\/\/campingleplo.fr\/v\/","og_locale":"fr_FR","og_type":"article","og_title":"Camping Le Pl\u00f4","og_description":"D\u00e9couvrez l\u2019harmonie parfaite entre nature pr\u00e9serv\u00e9e et confort moderne au Camping Le Plo, au c\u0153ur de l\u2019Aveyron.","og_url":"https:\/\/campingleplo.fr\/v\/","og_site_name":"Camping \u2605\u2605\u2605","article_modified_time":"2025-12-05T23:33:10+00:00","og_image":[{"width":2362,"height":1575,"url":"https:\/\/campingleplo.fr\/v\/wp-content\/uploads\/2024\/06\/AIA0317.jpg","type":"image\/jpeg"}],"twitter_card":"summary_large_image","twitter_misc":{"Dur\u00e9e de lecture estim\u00e9e":"5 minutes"},"schema":{"@context":"https:\/\/schema.org","@graph":[{"@type":"WebPage","@id":"https:\/\/campingleplo.fr\/v\/","url":"https:\/\/campingleplo.fr\/v\/","name":"Camping Le Pl\u00f4 - Camping \u2605\u2605\u2605","isPartOf":{"@id":"https:\/\/campingleplo.fr\/v\/#website"},"primaryImageOfPage":{"@id":"https:\/\/campingleplo.fr\/v\/#primaryimage"},"image":{"@id":"https:\/\/campingleplo.fr\/v\/#primaryimage"},"thumbnailUrl":"http:\/\/campingleplo.fr\/v\/wp-content\/uploads\/2024\/06\/IMG_8182-1024x768.jpg","datePublished":"2024-06-24T19:43:17+00:00","dateModified":"2025-12-05T23:33:10+00:00","description":"D\u00e9couvrez l\u2019harmonie parfaite entre nature pr\u00e9serv\u00e9e et confort moderne au Camping Le Plo, au c\u0153ur de l\u2019Aveyron.","breadcrumb":{"@id":"https:\/\/campingleplo.fr\/v\/#breadcrumb"},"inLanguage":"fr-FR","potentialAction":[{"@type":"ReadAction","target":["https:\/\/campingleplo.fr\/v\/"]}]},{"@type":"ImageObject","inLanguage":"fr-FR","@id":"https:\/\/campingleplo.fr\/v\/#primaryimage","url":"http:\/\/campingleplo.fr\/v\/wp-content\/uploads\/2024\/06\/IMG_8182-1024x768.jpg","contentUrl":"http:\/\/campingleplo.fr\/v\/wp-content\/uploads\/2024\/06\/IMG_8182-1024x768.jpg"},{"@type":"BreadcrumbList","@id":"https:\/\/campingleplo.fr\/v\/#breadcrumb","itemListElement":[{"@type":"ListItem","position":1,"name":"Accueil","item":"https:\/\/campingleplo.fr\/v\/"},{"@type":"ListItem","position":2,"name":"Camping Le Pl\u00f4"}]},{"@type":"WebSite","@id":"https:\/\/campingleplo.fr\/v\/#website","url":"https:\/\/campingleplo.fr\/v\/","name":"Camping Le Pl\u00f4","description":"D\u00e9couvrez l\u2019harmonie parfaite entre nature pr\u00e9serv\u00e9e et confort moderne au Camping Le Plo, au c\u0153ur de l\u2019Aveyron.","publisher":{"@id":"https:\/\/campingleplo.fr\/v\/#organization"},"alternateName":"Camping Le Pl\u00f4","potentialAction":[{"@type":"SearchAction","target":{"@type":"EntryPoint","urlTemplate":"https:\/\/campingleplo.fr\/v\/?s={search_term_string}"},"query-input":{"@type":"PropertyValueSpecification","valueRequired":true,"valueName":"search_term_string"}}],"inLanguage":"fr-FR"},{"@type":"Organization","@id":"https:\/\/campingleplo.fr\/v\/#organization","name":"Camping Le Pl\u00f4","url":"https:\/\/campingleplo.fr\/v\/","logo":{"@type":"ImageObject","inLanguage":"fr-FR","@id":"https:\/\/campingleplo.fr\/v\/#\/schema\/logo\/image\/","url":"https:\/\/campingleplo.fr\/v\/wp-content\/uploads\/2025\/09\/cropped-cropped-cropped-camping_le_plo_logo.png","contentUrl":"https:\/\/campingleplo.fr\/v\/wp-content\/uploads\/2025\/09\/cropped-cropped-cropped-camping_le_plo_logo.png","width":512,"height":512,"caption":"Camping Le Pl\u00f4"},"image":{"@id":"https:\/\/campingleplo.fr\/v\/#\/schema\/logo\/image\/"}}]}},"uagb_featured_image_src":{"full":false,"thumbnail":false,"medium":false,"medium_large":false,"large":false,"1536x1536":false,"2048x2048":false},"uagb_author_info":{"display_name":"admin_sitaime","author_link":"https:\/\/campingleplo.fr\/v\/author\/admin_sitaime\/"},"uagb_comment_info":0,"uagb_excerpt":"Chalets Bois H\u00e9bergements authentiques offrant confort et immersion totale dans la nature pr\u00e9serv\u00e9e. Piscine Chauff\u00e9e Profitez de moments de d\u00e9tente [&hellip;]","_links":{"self":[{"href":"https:\/\/campingleplo.fr\/v\/wp-json\/wp\/v2\/pages\/1259","targetHints":{"allow":["GET"]}}],"collection":[{"href":"https:\/\/campingleplo.fr\/v\/wp-json\/wp\/v2\/pages"}],"about":[{"href":"https:\/\/campingleplo.fr\/v\/wp-json\/wp\/v2\/types\/page"}],"author":[{"embeddable":true,"href":"https:\/\/campingleplo.fr\/v\/wp-json\/wp\/v2\/users\/1"}],"replies":[{"embeddable":true,"href":"https:\/\/campingleplo.fr\/v\/wp-json\/wp\/v2\/comments?post=1259"}],"version-history":[{"count":10,"href":"https:\/\/campingleplo.fr\/v\/wp-json\/wp\/v2\/pages\/1259\/revisions"}],"predecessor-version":[{"id":1753,"href":"https:\/\/campingleplo.fr\/v\/wp-json\/wp\/v2\/pages\/1259\/revisions\/1753"}],"wp:attachment":[{"href":"https:\/\/campingleplo.fr\/v\/wp-json\/wp\/v2\/media?parent=1259"}],"curies":[{"name":"wp","href":"https:\/\/api.w.org\/{rel}","templated":true}]}}